/((-2)/(-10)). Suppose 0 = -3*f + h + 114, -73 = -3*f + 5*h + 29. Calculate the highest common factor of u and f.
13
Let m(i) = 125*i - 22. Let q(f) = 62*f - 11. Let u(k) = -4*m(k) + 9*q(k). Let t be u(5). Calculate the greatest common divisor of 31 and t.
31
Suppose -3*a = -y + 75, -4*a - 22 + 2 = 0. Calculate the highest common factor of 15 and y.
15
Let h(w) = w + 7. Let v be h(-5). Suppose 21 - 173 = -v*d. Calculate the highest common factor of d and 57.
19
Let v be 2*35 + (15 - 22). Calculate the highest common divisor of 49 and v.
7
Let x = -34 + 42. Let n be -11 + x - (38/(-1) + -1). Calculate the greatest common divisor of 4 and n.
4
Suppose -35 = -5*u + 10. Let x = 31 - u. Let l(n) = 242*n**3 + n**2 - 1. Let q be l(1). What is the greatest common factor of q and x?
22
Let q(m) = m + 2*m + m - 8 + 6*m. Let o be q(8). Suppose -4*b + 2*b + 16 = 0. What is the highest common divisor of o and b?
8
Let m be 10*((-22)/3)/(140/(-42)). What is the highest common factor of 1342 and m?
22
Suppose -5*i + 2044 = -3*n, 2*n - 7*n + 10 = 0. Calculate the highest common factor of 41 and i.
41
Let l be (-30)/(-8) + 7/28. Suppose x = 5*i + 6 + 12, -3 = -5*x - l*i. Suppose -x - 9 = -d. Calculate the greatest common divisor of 96 and d.
12
Let j(p) = -p**3 + 10*p**2 - p. Let w be j(7). Suppose -7*q + 9*q - w = 0. Suppose -3*z = -q - 38. What is the greatest common factor of z and 4?
4
Let m(a) = -a + 72. Suppose 2*r - b = 39, -2*r + 4*b + 24 = -0*r. Let j be m(r). Calculate the highest common factor of 100 and j.
50
Suppose -d - 2 = -j, -5*d - j + 17 + 3 = 0. What is the highest common divisor of 3 and d?
3
Let p = 24 - -61. Let y = 19 + p. Suppose 0*z = 4*z + 8, 0 = -2*q - 5*z + 16. What is the greatest common divisor of y and q?
13
Let f(k) = -18*k - 231. Let w be f(-42). Calculate the greatest common divisor of 75 and w.
75
Let p(h) = 2*h**2 - 18*h + 6. Let q be p(18). Suppose 0*i - 2*i = -3*t + 84, 0 = -5*t - i + 153. What is the highest common factor of t and q?
30
Suppose -3*f + 237 = o, f = -0*o - o + 79. What is the greatest common factor of 790 and f?
79
Suppose -27*u - 1760 = -38*u. What is the greatest common divisor of 12 and u?
4
Let n = -74 + 152. Suppose -f + 24 = 5*p, 5*f - n = 3*f + 5*p. Calculate the highest common factor of 85 and f.
17
Let f = -224 - -251. Calculate the greatest common divisor of 432 and f.
27
Let r(h) = -3*h. Let a be r(-3). Suppose 3 = -o, -2*o + a = 5*j - 105. Suppose 0*u + j = 3*u. Calculate the greatest common factor of u and 56.
8
Let c(y) = -5*y - 3*y - 8 - 26*y**2 + 25*y**2. Let f be c(-5). Calculate the highest common factor of f and 91.
7
Let a be ((-34)/(-7 + 9))/((-2)/(-18)). Let x = -135 - a. What is the greatest common divisor of 9 and x?
9
Suppose -2*n + 3*j + 861 + 1314 = 0, 0 = 3*n - 4*j - 3265. Calculate the greatest common divisor of 15 and n.
15
Let d = 230 + -136. Let s = d + -50. What is the highest common divisor of 33 and s?
11
Suppose 2*b = y + 3*y + 648, 4*b = -4*y + 1308. Suppose -t - b = -3*v, -v + 4*v - 338 = -2*t. Calculate the greatest common factor of v and 10.
10
Suppose -5*o - 2*t + 7 = -4*o, -5*t - 23 = -2*o. Let w(z) = -2*z**2 + 4*z - 3. Let b be w(2). Let x = o + b. Calculate the greatest common factor of 24 and x.
6
Let i be 2/(-1*(-2)/14). Suppose 0 = -10*n + 12*n - 196. Let w be ((-1)/(-2))/(7/n). Calculate the greatest common factor of i and w.
7
Suppose -6*w - 60 = 4*w. Let q be (-8)/((-5)/w*(-24)/90). Calculate the highest common factor of 84 and q.
12
Let l(z) = -67*z**3 - 5*z**2 - 2*z. Let y be l(-1). Calculate the highest common factor of 88 and y.
8
Let v(m) = -m**3 - 12*m**2 - 13*m - 12. Let p be v(-11). Suppose 3*x = 2*d + 30, 5*d = 3*x - p - 11. Calculate the highest common factor of 48 and x.
12
Let r = 74 - 70. Suppose -4*p - 2*n + 42 = 0, 4*p - 3*p - 24 = r*n. Calculate the greatest common divisor of 48 and p.
12
Let t(w) = 36*w + 9. Let i be t(4). Calculate the highest common divisor of 9 and i.
9
Let f = 54 + -40. Let p = 18 + f. What is the highest common divisor of p and 16?
16
Let k be (-2)/((-4)/18)*(-162 - -173). Calculate the greatest common divisor of k and 11.
11
Suppose -p - 15 = -4*p. Suppose 2*r - 193 = -3*k + r, -p*k - 4*r = -310. Suppose -5*w + 171 = k. What is the highest common factor of 84 and w?
21
Let z be (-1)/(-1) - 0/1. Let s(h) be the second derivative of h**3 + 16*h**2 + 5*h. Let p be s(-5). Calculate the greatest common factor of p and z.
1
Let g = -12 + 37. Let w(t) = 17*t + g*t - 5*t - 1 + 2. Let q be w(2). Calculate the greatest common divisor of q and 30.
15
Let w(z) = -1 - 7 + 13*z - 6*z + 3. Let b be w(3). Calculate the greatest common divisor of b and 56.
8
Let q(h) be the third derivative of h**5/30 - h**4/12 + h**3 - 3*h**2. Let r be q(-7). Let y = r + -58. Calculate the greatest common factor of y and 12.
12
Suppose 2*o + 5*y - 224 = 0, 0*o + 4*o - 3*y - 474 = 0. Suppose 4*r - z + 3*z - 98 = 0, -35 = -r + 3*z. Calculate the greatest common divisor of r and o.
13
Suppose f - 32 = 4*s, 3*s = -2*f + 58 + 39. Let c(x) = -x**3 + 19*x**2 - 14*x + 38. Let v be c(18). Calculate the greatest common factor of f and v.
22
Suppose 0*w + 210 = 7*w. Calculate the greatest common factor of w and 20.
10
Let r be 1*-5*(-8)/10. Suppose -d = r*u - 28, 0*u + 3*u = -5*d + 72. Calculate the greatest common divisor of 12 and d.
12
Let y(a) = 25*a + 10. Let v be y(10). Suppose x = 6*x - v. Suppose 5*i - x = -12. Calculate the greatest common factor of 8 and i.
8
Let d be 14 - -11 - 10/2. Suppose -4*w - d = 0, -26 = -3*h - 0*h - 2*w. What is the highest common divisor of 288 and h?
12
Suppose -3*s = 5 - 2. Let h be s/(-1)*-11*-1. Let n(m) = -3*m**3 + 34*m**2 - 83*m - 34. Let c be n(7). What is the greatest common divisor of c and h?
11
Suppose -1202 - 14 = -8*z. What is the greatest common factor of z and 190?
38
Suppose -20*q = -438 - 82. What is the highest common divisor of q and 39?
13
Suppose -9*b + 31 = -14. Let i = -36 - -71. Calculate the highest common divisor of i and b.
5
Suppose 0 = -4*c + 355 + 37. Calculate the highest common factor of c and 2.
2
Let z(d) = -25*d - 2. Let n(o) = o**2 - 8*o + 10. Suppose -18 = 4*r - 42. Let a be n(r). Let j be z(a). Calculate the greatest common factor of 72 and j.
24
Suppose 42*z + 120 = 2640. Let w(y) = -39*y + 1. Let p be w(-1). Calculate the highest common divisor of z and p.
20
Suppose -5*u + 9 = -56. Let t = 66 + 138. Suppose -l = -5*h + 524, 3*l = -2*h + 2*l + t. What is the greatest common factor of u and h?
13
Suppose 2*h = -3*f + 119, 43*h + 8 = 45*h. What is the greatest common factor of 407 and f?
37
Suppose 31*d = 28*d + 12. Suppose -3*k = -5*v - 17, k = d*k - 3*v - 27. Let n(p) = 27*p + 4. Let t be n(4). Calculate the highest common divisor of t and k.
14
Suppose -6*o + 95 = -o. Suppose o*u - 15*u = 48. What is the greatest common factor of 108 and u?
12
Let l(w) = -w**3 + 11*w**2 + 5*w - 122. Let s be l(10). Calculate the highest common divisor of s and 224.
28
Let g = 28 + -23. Suppose g*p - 560 = p. What is the greatest common factor of p and 14?
14
Suppose -27 = -4*f + f. Let h(p) = p - 10. Let q be h(f). Let z(m) = 31*m**2 + 2*m + 1. Let i be z(q). What is the highest common divisor of 10 and i?
10
Suppose -2*z + 29 = -71. Calculate the highest common divisor of z and 10.
10
Suppose -3*d + 3 = 0, 3*d - 8*d = -2*f + 189. Let j = f - 9. Suppose -2*r - 3*y + 6 = -54, -3*r = 5*y - j. What is the greatest common factor of r and 9?
9
Let j = 254 + -129. Let q be j/5 + 3 - -3. What is the highest common factor of 155 and q?
31
Let v be (11/(-1))/((-3)/(-9)). Let t = v - -83. What is the highest common divisor of 125 and t?
25
Let x be 2/(-17) + (-824)/(-68). Calculate the greatest common factor of x and 96.
12
Let o be 2/(2 - 0)*27. Suppose 5*w = 3*m - 14, 7 = 5*m + w - 7. Calculate the highest common divisor of o and m.
3
Let s(d) = -188*d + 4. Let p be s(-4). Suppose -18 = -3*x + x. Suppose -13*t = -x*t - p. Calculate the highest common divisor of 27 and t.
27
Suppose -u + 13 = 4*n, 5*u - 2*u - 72 = -n. Calculate the highest common factor of u and 800.
25
Let h = -46 - -199. What is the highest common factor of 255 and h?
51
Let b(x) = 3*x**3 + 23*x**2 + 19*x + 20. Let o be b(-6). Calculate 